alse
Is 2047 composite?
True
Is 15727 composite?
False
Is 18839 prime?
True
Is 10133 a prime number?
True
Is 239821 a composite number?
True
Is 3295 prime?
False
Is 2769805 a composite number?
True
Is 3137 composite?
False
Is 412289 prime?
True
Is 11027 prime?
True
Is 161843 prime?
False
Is 77473 a composite number?
True
Is 8681 a prime number?
True
Is 5557 composite?
False
Is 2521 composite?
False
Is 19063 a prime number?
False
Is 785011 a composite number?
True
Is 45317 prime?
True
Is 522989 a prime number?
True
Is 118127 composite?
False
Is 201061 composite?
True
Is 4741 a prime number?
False
Is 120167 composite?
False
Is 252923 composite?
True
Is 302167 a composite number?
False
Is 34231 a prime number?
True
Is 3571 composite?
False
Is 1394846 a composite number?
True
Is 85 prime?
False
Is 39791 prime?
True
Is 320939 prime?
True
Is 568387 composite?
False
Is 834821 a composite number?
True
Is 227431 prime?
True
Is 16519 a composite number?
False
Is 25565 a composite number?
True
Is 654137 composite?
True
Is 38746 a prime number?
False
Is 9131 composite?
True
Is 17363 a prime number?
False
Is 1711 a composite number?
True
Is 12791 prime?
True
Is 18949 composite?
True
Is 939347 a prime number?
True
Is 16127 a composite number?
False
Is 7795 prime?
False
Is 504467 composite?
True
Is 316401 a composite number?
True
Is 81797 a prime number?
False
Is 1203385 composite?
True
Is 16801 composite?
True
Is 10697 prime?
False
Is 104569 a composite number?
True
Is 11283 prime?
False
Is 210359 composite?
False
Is 59 a prime number?
True
Is 32909 a prime number?
True
Is 3389 a composite number?
False
Is 7409 prime?
False
Is 144973 prime?
True
Is 89591 composite?
False
Is 438377 a prime number?
True
Is 1061 a composite number?
False
Is 4811 composite?
True
Is 192373 composite?
False
Is 1337083 a prime number?
False
Is 16757 prime?
False
Is 24437 composite?
True
Is 5189 a composite number?
False
Is 12197 a prime number?
True
Is 160967 composite?
False
Is 253081 composite?
False
Is 43867 prime?
True
Is 9451 composite?
True
Is 1197167 a prime number?
True
Is 811013 prime?
False
Is 905783 a composite number?
False
Is 254753 prime?
True
Is 5027 composite?
True
Is 23447 a composite number?
False
Is 1957 prime?
False
Is 12809 composite?
False
Is 172673 a prime number?
True
Is 98179 a composite number?
False
Is 14095 a composite number?
True
Is 1189 prime?
False
Is 326549 a composite number?
False
Is 127767 composite?
True
Is 8419 a composite number?
False
Is 1791731 composite?
False
Is 135827 composite?
True
Is 34253 a composite number?
False
Is 3683 a prime number?
False
Is 4939 prime?
False
Is 68683 prime?
True
Is 6143 composite?
False
Is 22559 a composite number?
True
Is 54941 a prime number?
True
Is 13558 a prime number?
False
Is 40109 a prime number?
False
Is 162647 a composite number?
True
Is 3409 a composite number?
True
Is 148353 composite?
True
Is 485141 composite?
True
Is 298289 a composite number?
True
Is 144103 a prime number?
True
Is 53731 composite?
False
Is 4861 prime?
True
Is 235289 prime?
True
Is 51749 a composite number?
False
Is 1055 composite?
True
Is 511439 prime?
True
Is 110527 a composite number?
False
Is 604553 composite?
True
Is 43697 a prime number?
False
Is 4417 composite?
True
Is 31303 prime?
False
Is 325691 a composite number?
False
Is 21446 composite?
True
Is 73001 composite?
True
Is 217307 composite?
False
Is 8551 prime?
False
Is 212039 a composite number?
False
Is 1438 prime?
False
Is 6541 composite?
True
Is 6617 composite?
True
Is 3629 composite?
True
Is 7073 a prime number?
False
Is 70079 a composite number?
False
Is 333517 a composite number?
False
Is 371563 composite?
True
Is 143137 composite?
False
Is 3003901 a composite number?
True
Is 4770479 composite?
True
Is 410171 a composite number?
False
Is 34247 a composite number?
True
Is 67031 composite?
True
Is 14363 a composite number?
True
Is 39367 a prime number?
True
Is 1762927 a composite number?
True
Is 256241 a prime number?
False
Is 2948195 composite?
True
Is 31087 composite?
True
Is 1570682 composite?
True
Is 259 composite?
True
Is 11027 a prime number?
True
Is 47207 a prime number?
True
Is 187711 a composite number?
False
Is 1698139 composite?
False
Is 4376447 prime?
True
Is 1057363 composite?
True
Is 52141 a composite number?
True
Is 18553 prime?
True
Is 48439 composite?
True
Is 2461405 a composite number?
True
Is 1754 prime?
False
Is 140111 a composite number?
False
Is 12839 a composite number?
True
Is 495491 a prime number?
True
Is 18113 a composite number?
True
Is 11027 a composite number?
False
Is 499901 a prime number?
False
Is 8459 composite?
True
Is 1393039 a prime number?
True
Is 9655 composite?
True
Is 11689 a prime number?
True
Is 194491 prime?
False
Is 471173 a prime number?
True
Is 1136411 composite?
False
Is 1461 prime?
False
Is 26407 prime?
True
Is 998123 a composite number?
True
Is 9 a composite number?
True
Is 21961 composite?
False
Is 116351 composite?
False
Is 230311 composite?
False
Is 12778 a composite number?
True
Is 374923 composite?
True
Is 1481 a prime number?
True
Is 9511 a prime number?
True
Is 5471 composite?
False
Is 591287 composite?
False
Is 60361 a prime number?
False
Is 21391 a prime number?
True
Is 211129 composite?
False
Is 2171 prime?
False
Is 19235 prime?
False
Is 37487 prime?
False
Is 5039 a composite number?
False
Is 99413 a prime number?
False
Is 155053 prime?
False
Is 64451 a composite number?
False
Is 260611 composite?
True
Is 78569 composite?
False
Is 100403 a prime number?
True
Is 15131 prime?
True
Is 251 prime?
True
Is 3991 a prime number?
False
Is 934391 a composite number?
True
Is 1398499 prime?
False
Is 977671 a prime number?
True
Is 47791 composite?
False
Is 7039 prime?
True
Is 6547 composite?
False
Is 1410146 a prime number?
False
Is 134243 prime?
True
Is 120539 a composite number?
False
Is 151747 a prime number?
False
Is 40031 a prime number?
True
Is 11267 prime?
False
Is 1012205 composite?
True
Is 213833 prime?
True
Is 21733 prime?
False
Is 17467 a prime number?
True
Is 89339 a prime number?
False
Is 3374521 a composite number?
False
Is 12381 composite?
True
Is 14759 a composite number?
False
Is 59333 composite?
False
Is 2491 a prime number?
False
Is 22823 a prime number?
False
Is 225733 a prime number?
True
Is 170399 prime?
False
Is 48053 a composite number?
True
Is 7118 prime?
False
Is 485753 a prime number?
True
Is 498611 a prime number?
True
Is 101389 prime?
False
Is 1021417 a prime number?
True
Is 13323 a prime number?
False
Is 79297 a prime number?
False
Is 51019 a composite number?
True
Is 263135 a prime number?
False
Is 308117 a prime number?
True
Is 14029 composite?
False
Is 36863 composite?
True
Is 5557 a composite number?
False
Is 929063 prime?
True
Is 199105 a composite number?
True
Is 188977 composite?
True
Is 388761 composite?
True
Is 27673 composite?
False
Is 181253 a prime number?
True
Is 235617 composite?
True
Is 447091 composite?
True
Is 48437 composite?
False
Is 35023 a prime number?
True
Is 431921 a prime number?
False
Is 5903 a composite number?
False
Is 983 prime?
True
Is 276893 a composite number?
True
Is 51 composite?
True
Is 151907 a prime number?
False
Is 15401 prime?
True
Is 340495 composite?
True
Is 53857 prime?
True
Is 9803 a prime number?
True
Is 40879 a composite number?
False
Is 81239 composite?
False
Is 10453 composite?
False
Is 1283063 prime?
True
Is 19235 a prime number?
False
Is 71569 a composite number?
False
Is 867995 prime?
False
Is 3719 a composite number?
False
Is 7217 prime?
False
Is 6999 a prime number?
False
Is 92249 a prime number?
False
Is 4479 a prime number?
False
Is 276173 a composite number?
False
Is 518171 a composite number?
False
Is 81407 prime?
False
Is 27191 composite?
False
Is 19847 prime?
False
Is 2314997 a composite number?
False
Is 22343 composite?
False
Is 497807 a prime number?
False
Is 9649 a composite number?
False
Is 1973 prime?
True
Is 7997 a composite number?
True
Is 470297 prime?
True
Is 57089 a composite number?
False
Is 119069 prime?
True
Is 971093 a composite number?
False
Is 1655 a composite number?
True
Is 249563 composite?
False
Is 21991 composite?
False
Is 19811 prime?
False
Is 71105 a prime number?
False
Is 2939 a composite number?
False
Is 